
What is the remainder when 2357 is divided by 40?
37
Calculate the remainder when 780 is divided by 62.
36
What is the remainder when 3501 is divided by 48?
45
Calculate the remainder when 440 is divided by 13.
11
What is the remainder when 430 is divided by 140?
10
Calculate the remainder when 121 is divided by 17.
2
What is the remainder when 73 is divided by 6?
1
What is the remainder when 48 is divided by 24?
0
Calculate the remainder when 2109 is divided by 45.
39
Calculate the remainder when 159 is divided by 9.
6
What is the remainder when 891 is divided by 296?
3
What is the remainder when 866 is divided by 22?
8
Calculate the remainder when 4446 is divided by 87.
9
Calculate the remainder when 211 is divided by 40.
11
What is the remainder when 3378 is divided by 69?
66
What is the remainder when 741 is divided by 248?
245
Calculate the remainder when 3897 is divided by 100.
97
Calculate the remainder when 1078 is divided by 27.
25
Calculate the remainder when 576 is divided by 149.
129
Calculate the remainder when 197 is divided by 9.
8
Calculate the remainder when 40 is divided by 5.
0
What is the remainder when 97 is divided by 80?
17
What is the remainder when 2890 is divided by 24?
10
Calculate the remainder when 190 is divided by 96.
94
Calculate the remainder when 805 is divided by 54.
49
Calculate the remainder when 1657 is divided by 35.
12
What is the remainder when 366 is divided by 36?
6
What is the remainder when 1435 is divided by 1419?
16
What is the remainder when 1145 is divided by 3?
2
What is the remainder when 117 is divided by 42?
33
Calculate the remainder when 142 is divided by 11.
10
What is the remainder when 222 is divided by 16?
14
What is the remainder when 1213 is divided by 605?
3
Calculate the remainder when 509 is divided by 64.
61
What is the remainder when 2694 is divided by 71?
67
Calculate the remainder when 26609 is divided by 15.
14
What is the remainder when 358 is divided by 114?
16
What is the remainder when 97 is divided by 33?
31
What is the remainder when 146 is divided by 37?
35
Calculate the remainder when 136 is divided by 20.
16
Calculate the remainder when 251 is divided by 145.
106
Calculate the remainder when 468 is divided by 89.
23
Calculate the remainder when 85 is divided by 16.
5
What is the remainder when 34 is divided by 10?
4
Calculate the remainder when 737 is divided by 122.
5
Calculate the remainder when 129 is divided by 8.
1
Calculate the remainder when 2124 is divided by 704.
12
Calculate the remainder when 179 is divided by 55.
14
What is the remainder when 267 is divided by 76?
39
Calculate the remainder when 1118 is divided by 22.
18
What is the remainder when 417 is divided by 35?
32
Calculate the remainder when 507 is divided by 15.
12
What is the remainder when 322 is divided by 79?
6
What is the remainder when 159 is divided by 27?
24
What is the remainder when 147 is divided by 30?
27
Calculate the remainder when 3608 is divided by 172.
168
What is the remainder when 228 is divided by 99?
30
What is the remainder when 125 is divided by 13?
8
What is the remainder when 1223 is divided by 110?
13
What is the remainder when 1173 is divided by 8?
5
What is the remainder when 1320 is divided by 21?
18
Calculate the remainder when 444 is divided by 89.
88
What is the remainder when 370 is divided by 2?
0
What is the remainder when 917 is divided by 284?
65
What is the remainder when 1787 is divided by 201?
179
Calculate the remainder when 131 is divided by 33.
32
What is the remainder when 57 is divided by 24?
9
Calculate the remainder when 3971 is divided by 22.
11
Calculate the remainder when 137 is divided by 7.
4
Calculate the remainder when 539 is divided by 18.
17
Calculate the remainder when 502 is divided by 23.
19
Calculate the remainder when 93 is divided by 48.
45
Calculate the remainder when 515 is divided by 163.
26
Calculate the remainder when 238 is divided by 53.
26
Calculate the remainder when 3043 is divided by 122.
115
Calculate the remainder when 1168 is divided by 6.
4
Calculate the remainder when 4255 is divided by 9.
7
Calculate the remainder when 85 is divided by 23.
16
Calculate the remainder when 222 is divided by 16.
14
Calculate the remainder when 1441 is divided by 37.
35
What is the remainder when 251 is divided by 12?
11
What is the remainder when 18343 is divided by 278?
273
Calculate the remainder when 502 is divided by 102.
94
Calculate the remainder when 203 is divided by 65.
8
What is the remainder when 296 is divided by 11?
10
Calculate the remainder when 7822 is divided by 25.
22
Calculate the remainder when 269 is divided by 70.
59
What is the remainder when 283 is divided by 22?
19
Calculate the remainder when 10946 is divided by 123.
122
What is the remainder when 155 is divided by 3?
2
Calculate the remainder when 305 is divided by 82.
59
What is the remainder when 121 is divided by 44?
33
What is the remainder when 83 is divided by 21?
20
What is the remainder when 15 is divided by 10?
5
What is the remainder when 83 is divided by 4?
3
Calculate the remainder when 142 is divided by 8.
6
What is the remainder when 3358 is divided by 17?
9
Calculate the remainder when 237 is divided by 81.
75
Calculate the remainder when 141 is divided by 115.
26
What is the remainder when 212 is divided by 8?
4
What is the remainder when 49 is divided by 25?
24
What is the remainder when 1538 is divided by 10?
8
Calculate the remainder when 5845 is divided by 90.
85
What is the remainder when 580 is divided by 277?
26
Calculate the remainder when 8313 is divided by 154.
151
Calculate the remainder when 57245 is divided by 47.
46
Calculate the remainder when 619 is divided by 90.
79
Calculate the remainder when 2131 is divided by 153.
142
What is the remainder when 1165 is divided by 53?
52
What is the remainder when 4029 is divided by 26?
25
What is the remainder when 387 is divided by 131?
125
What is the remainder when 133 is divided by 9?
7
What is the remainder when 307 is divided by 26?
21
What is the remainder when 37449 is divided by 214?
213
What is the remainder when 108 is divided by 25?
8
Calculate the remainder when 35 is divided by 12.
11
Calculate the remainder when 8638 is divided by 96.
94
What is the remainder when 158 is divided by 8?
6
Calculate the remainder when 509 is divided by 482.
27
Calculate the remainder when 4536 is divided by 32.
24
What is the remainder when 3581 is divided by 64?
61
Calculate the remainder when 31 is divided by 22.
9
Calculate the remainder when 33 is divided by 4.
1
What is the remainder when 21 is divided by 12?
9
What is the remainder when 800 is divided by 160?
0
Calculate the remainder when 3845 is divided by 148.
145
Calculate the remainder when 2421 is divided by 46.
29
Calculate the remainder when 19 is divided by 5.
4
What is the remainder when 140 is divided by 84?
56
Calculate the remainder when 1034 is divided by 17.
14
Calculate the remainder when 203 is divided by 96.
11
Calculate the remainder when 167 is divided by 8.
7
What is the remainder when 3084 is divided by 118?
16
Calculate the remainder when 3499 is divided by 28.
27
What is the remainder when 62 is divided by 12?
2
Calculate the remainder when 220 is divided by 201.
19
Calculate the remainder when 318 is divided by 82.
72
What is the remainder when 395 is divided by 183?
29
Calculate the remainder when 110 is divided by 69.
41
Calculate the remainder when 85 is divided by 17.
0
What is the remainder when 990 is divided by 16?
14
Calculate the remainder when 10806 is divided by 101.
100
Calculate the remainder when 2466 is divided by 1217.
32
What is the remainder when 220 is divided by 138?
82
Calculate the remainder when 200 is divided by 34.
30
What is the remainder when 2507 is divided by 22?
21
What is the remainder when 406 is divided by 30?
16
What is the remainder when 1408 is divided by 17?
14
Calculate the remainder when 12575 is divided by 12.
11
What is the remainder when 13202 is divided by 29?
7
What is the remainder when 1854 is divided by 29?
27
What is the remainder when 188 is divided by 49?
41
What is the remainder when 1240 is divided by 113?
110
Calculate the remainder when 752 is divided by 39